{"version":"1.0","provider_name":"Edith Maryon Foundation","provider_url":"https:\/\/maryon.ch\/en\/","author_name":"Lorenz Peter","author_url":"https:\/\/maryon.ch\/en\/author\/lorenz\/","title":"Ausbildungsst\u00e4tte f\u00fcr plastisch-k\u00fcnstlerische Therapie &#8211; Edith Maryon Foundation","type":"rich","width":600,"height":338,"html":"<blockquote class=\"wp-embedded-content\" data-secret=\"MuxmRTVfXZ\"><a href=\"https:\/\/maryon.ch\/en\/liegenschaft\/ausbildungsstaette-fuer-plastisch-kuenstlerische-therapie\/\">Ausbildungsst\u00e4tte f\u00fcr plastisch-k\u00fcnstlerische Therapie<\/a><\/blockquote><iframe sandbox=\"allow-scripts\" security=\"restricted\" src=\"https:\/\/maryon.ch\/en\/liegenschaft\/ausbildungsstaette-fuer-plastisch-kuenstlerische-therapie\/embed\/#?secret=MuxmRTVfXZ\" width=\"600\" height=\"338\" title=\"&#8220;Ausbildungsst\u00e4tte f\u00fcr plastisch-k\u00fcnstlerische Therapie&#8221; &#8212; Edith Maryon Foundation\" data-secret=\"MuxmRTVfXZ\" frameborder=\"0\" marginwidth=\"0\" marginheight=\"0\" scrolling=\"no\" class=\"wp-embedded-content\"><\/iframe><script type=\"text\/javascript\">\n\/* <![CDATA[ *\/\n\/*! This file is auto-generated *\/\n!function(d,l){\"use strict\";l.querySelector&&d.addEventListener&&\"undefined\"!=typeof URL&&(d.wp=d.wp||{},d.wp.receiveEmbedMessage||(d.wp.receiveEmbedMessage=function(e){var t=e.data;if((t||t.secret||t.message||t.value)&&!\/[^a-zA-Z0-9]\/.test(t.secret)){for(var s,r,n,a=l.querySelectorAll('iframe[data-secret=\"'+t.secret+'\"]'),o=l.querySelectorAll('blockquote[data-secret=\"'+t.secret+'\"]'),c=new RegExp(\"^https?:$\",\"i\"),i=0;i<o.length;i++)o[i].style.display=\"none\";for(i=0;i<a.length;i++)s=a[i],e.source===s.contentWindow&&(s.removeAttribute(\"style\"),\"height\"===t.message?(1e3<(r=parseInt(t.value,10))?r=1e3:~~r<200&&(r=200),s.height=r):\"link\"===t.message&&(r=new URL(s.getAttribute(\"src\")),n=new URL(t.value),c.test(n.protocol))&&n.host===r.host&&l.activeElement===s&&(d.top.location.href=t.value))}},d.addEventListener(\"message\",d.wp.receiveEmbedMessage,!1),l.addEventListener(\"DOMContentLoaded\",function(){for(var e,t,s=l.querySelectorAll(\"iframe.wp-embedded-content\"),r=0;r<s.length;r++)(t=(e=s[r]).getAttribute(\"data-secret\"))||(t=Math.random().toString(36).substring(2,12),e.src+=\"#?secret=\"+t,e.setAttribute(\"data-secret\",t)),e.contentWindow.postMessage({message:\"ready\",secret:t},\"*\")},!1)))}(window,document);\n\/\/# sourceURL=https:\/\/maryon.ch\/v2\/wp-includes\/js\/wp-embed.min.js\n\/* ]]> *\/\n<\/script>\n","thumbnail_url":"https:\/\/maryon.ch\/v2\/wp-content\/uploads\/DO61_P1000133.jpg","thumbnail_width":2500,"thumbnail_height":1875,"description":"Das Geb\u00e4ude wurde ca. 1928 im gleichen Zug wie die beiden benachbarten Liegenschaften Haus Zuccoli und Haus Wachsmuth von Otto Moser als Privathaus errichtet. 1982 erwarb die Stiftung Waldo von der Reichenau das Grundst\u00fcck, und die damals neue Stiftung Ausbildungs- und Arbeitsst\u00e4tte f\u00fcr plastisch-bildnerische Therapie \u00fcbernahm das Geb\u00e4ude im Baurecht. In Zusammenarbeit mit der\u00a0Plastikschule am [&hellip;]"}

Ausbildungsstätte für plastisch-künstlerische Therapie &#8211; Edith Maryon Foundation

<blockquote class="wp-embedded-content" data-secret="MuxmRTVfXZ"><a href="https://maryon.ch/en/liegenschaft/ausbildungsstaette-fuer-plastisch-kuenstlerische-therapie/">Ausbildungsstätte für plastisch-künstlerische Therapie</a></blockquote><iframe sandbox="allow-scripts" security="restricted" src="https://maryon.ch/en/liegenschaft/ausbildungsstaette-fuer-plastisch-kuenstlerische-therapie/embed/#?secret=MuxmRTVfXZ" width="600" height="338" title="&#8220;Ausbildungsstätte für plastisch-künstlerische Therapie&#8221; &#8212; Edith Maryon Foundation" data-secret="MuxmRTVfXZ" frameborder="0" marginwidth="0" marginheight="0" scrolling="no" class="wp-embedded-content"></iframe><script type="text/javascript">
/* <![CDATA[ */
/*! This file is auto-generated */
!function(d,l){"use strict";l.querySelector&&d.addEventListener&&"undefined"!=typeof URL&&(d.wp=d.wp||{},d.wp.receiveEmbedMessage||(d.wp.receiveEmbedMessage=function(e){var t=e.data;if((t||t.secret||t.message||t.value)&&!/[^a-zA-Z0-9]/.test(t.secret)){for(var s,r,n,a=l.querySelectorAll('iframe[data-secret="'+t.secret+'"]'),o=l.querySelectorAll('blockquote[data-secret="'+t.secret+'"]'),c=new RegExp("^https?:$","i"),i=0;i<o.length;i++)o[i].style.display="none";for(i=0;i<a.length;i++)s=a[i],e.source===s.contentWindow&&(s.removeAttribute("style"),"height"===t.message?(1e3<(r=parseInt(t.value,10))?r=1e3:~~r<200&&(r=200),s.height=r):"link"===t.message&&(r=new URL(s.getAttribute("src")),n=new URL(t.value),c.test(n.protocol))&&n.host===r.host&&l.activeElement===s&&(d.top.location.href=t.value))}},d.addEventListener("message",d.wp.receiveEmbedMessage,!1),l.addEventListener("DOMContentLoaded",function(){for(var e,t,s=l.querySelectorAll("iframe.wp-embedded-content"),r=0;r<s.length;r++)(t=(e=s[r]).getAttribute("data-secret"))||(t=Math.random().toString(36).substring(2,12),e.src+="#?secret="+t,e.setAttribute("data-secret",t)),e.contentWindow.postMessage({message:"ready",secret:t},"*")},!1)))}(window,document);
//# sourceURL=https://maryon.ch/v2/wp-includes/js/wp-embed.min.js
/* ]]> */
</script>

Das Gebäude wurde ca. 1928 im gleichen Zug wie die beiden benachbarten Liegenschaften Haus Zuccoli und Haus Wachsmuth von Otto Moser als Privathaus errichtet. 1982 erwarb die Stiftung Waldo von der Reichenau das Grundstück, und die damals neue Stiftung Ausbildungs- und Arbeitsstätte für plastisch-bildnerische Therapie übernahm das Gebäude im Baurecht. In Zusammenarbeit mit der Plastikschule am [&hellip;]
