{"version":"1.0","provider_name":"Fondation Edith Maryon","provider_url":"https:\/\/maryon.ch\/fr\/","author_name":"Lorenz Peter","author_url":"https:\/\/maryon.ch\/fr\/author\/lorenz\/","title":"Unternehmen Mitte &#8211; Fondation Edith Maryon","type":"rich","width":600,"height":338,"html":"<blockquote class=\"wp-embedded-content\" data-secret=\"hwsOdtcXXV\"><a href=\"https:\/\/maryon.ch\/fr\/liegenschaft\/unternehmen-mitte\/\">Unternehmen Mitte<\/a><\/blockquote><iframe sandbox=\"allow-scripts\" security=\"restricted\" src=\"https:\/\/maryon.ch\/fr\/liegenschaft\/unternehmen-mitte\/embed\/#?secret=hwsOdtcXXV\" width=\"600\" height=\"338\" title=\"&#8220;Unternehmen Mitte&#8221; &#8212; Fondation Edith Maryon\" data-secret=\"hwsOdtcXXV\" frameborder=\"0\" marginwidth=\"0\" marginheight=\"0\" scrolling=\"no\" class=\"wp-embedded-content\"><\/iframe><script type=\"text\/javascript\">\n\/* <![CDATA[ *\/\n\/*! This file is auto-generated *\/\n!function(d,l){\"use strict\";l.querySelector&&d.addEventListener&&\"undefined\"!=typeof URL&&(d.wp=d.wp||{},d.wp.receiveEmbedMessage||(d.wp.receiveEmbedMessage=function(e){var t=e.data;if((t||t.secret||t.message||t.value)&&!\/[^a-zA-Z0-9]\/.test(t.secret)){for(var s,r,n,a=l.querySelectorAll('iframe[data-secret=\"'+t.secret+'\"]'),o=l.querySelectorAll('blockquote[data-secret=\"'+t.secret+'\"]'),c=new RegExp(\"^https?:$\",\"i\"),i=0;i<o.length;i++)o[i].style.display=\"none\";for(i=0;i<a.length;i++)s=a[i],e.source===s.contentWindow&&(s.removeAttribute(\"style\"),\"height\"===t.message?(1e3<(r=parseInt(t.value,10))?r=1e3:~~r<200&&(r=200),s.height=r):\"link\"===t.message&&(r=new URL(s.getAttribute(\"src\")),n=new URL(t.value),c.test(n.protocol))&&n.host===r.host&&l.activeElement===s&&(d.top.location.href=t.value))}},d.addEventListener(\"message\",d.wp.receiveEmbedMessage,!1),l.addEventListener(\"DOMContentLoaded\",function(){for(var e,t,s=l.querySelectorAll(\"iframe.wp-embedded-content\"),r=0;r<s.length;r++)(t=(e=s[r]).getAttribute(\"data-secret\"))||(t=Math.random().toString(36).substring(2,12),e.src+=\"#?secret=\"+t,e.setAttribute(\"data-secret\",t)),e.contentWindow.postMessage({message:\"ready\",secret:t},\"*\")},!1)))}(window,document);\n\/\/# sourceURL=https:\/\/maryon.ch\/v2\/wp-includes\/js\/wp-embed.min.js\n\/* ]]> *\/\n<\/script>\n","thumbnail_url":"https:\/\/maryon.ch\/v2\/wp-content\/uploads\/UMSelEtPoivre-1.png","thumbnail_width":1204,"thumbnail_height":507,"description":"Ein \u00fcberzeugendes Nutzungskonzept und ein zweckgebundenes Finanzdarlehen veranlassten die Stiftung Edith Maryon 1998 dazu, dieses vierst\u00f6ckige Wohn- und Gesch\u00e4ftshaus zwischen Markt- und Barf\u00fcsserplatz von der Credit Suisse zu erwerben. Das Geb\u00e4ude wurde 1912 auf der Fl\u00e4che von f\u00fcnf ehemaligen Parzellen errichtet und 1919 nochmals erweitert. Bis zur Jahrtausendwende beherbergte es die Schweizerische Volksbank, seither ist [&hellip;]"}

Ein überzeugendes Nutzungskonzept und ein zweckgebundenes Finanzdarlehen veranlassten die Stiftung Edith Maryon 1998 dazu, dieses vierstöckige Wohn- und Geschäftshaus zwischen Markt- und Barfüsserplatz von der Credit Suisse zu erwerben. Das Gebäude wurde 1912 auf der Fläche von fünf ehemaligen Parzellen errichtet und 1919 nochmals erweitert. Bis zur Jahrtausendwende beherbergte es die Schweizerische Volksbank, seither ist [&hellip;]
