{"id":3806,"date":"2018-02-11T14:36:17","date_gmt":"2018-02-11T13:36:17","guid":{"rendered":"https:\/\/maryon.ch\/impressum\/"},"modified":"2024-08-07T10:50:48","modified_gmt":"2024-08-07T08:50:48","slug":"impressum","status":"publish","type":"page","link":"https:\/\/maryon.ch\/fr\/impressum\/","title":{"rendered":"Mentions l\u00e9gales"},"content":{"rendered":"<h2>Adresses de contact<\/h2>\n<p> Fondation Edith Maryon Gerbergasse 30 4001 B\u00e2le Suisse <a href=\"https:\/\/maryon.ch\/meta\/kontakt\/\">formulaire de contact<\/a><\/p>\n<h2>Repr\u00e9sentants agr\u00e9\u00e9s<\/h2>\n<p> Klaudia Agbaba Rembert Biemond Thomas Bieri Francisco Cabarrubia Oliver Conradt Sabine Dettwiler Matthias Dubi Klaus Jensen Ulrich Kriese Christoph Langscheid Reto Zanetti <\/p>\n<h2>Inscription au registre du commerce<\/h2>\n<p> Raison sociale inscrite: Stiftung Edith Maryon<br \/>Num\u00e9ro: CHE-108.604.805<br \/>Office comp\u00e9tent: Registre du commerce du canton de B\u00e2le-Ville <\/p>\n<h2>Exclusion de responsabilit\u00e9<\/h2>\n<p> L\u2019auteur d\u00e9cline toute responsabilit\u00e9 quant \u00e0 l\u2019exactitude, la pr\u00e9cision, l\u2019actualit\u00e9, la fiabilit\u00e9 et l\u2019exhaustivit\u00e9 des informations mises \u00e0 disposition. La responsabilit\u00e9 de l\u2019auteur est exclue en cas de dommages mat\u00e9riels ou immat\u00e9riels r\u00e9sultant de l\u2019acc\u00e8s, de l\u2019utilisation ou de la non-utilisation des informations publi\u00e9es, d\u2019une utilisation abusive de la connexion ou de d\u00e9faillances techniques. Toutes les offres sont sans engagement. L\u2019auteur se r\u00e9serve express\u00e9ment le droit de modifier, de compl\u00e9ter ou d\u2019effacer tout ou partie de l\u2019offre, ou encore d\u2019en suspendre temporairement ou d\u00e9finitivement la publication, sans avis pr\u00e9alable. <\/p>\n<h2>Responsabilit\u00e9 des liens<\/h2>\n<p> Les r\u00e9f\u00e9rences et les liens vers des sites de tiers ne rel\u00e8vent pas de notre responsabilit\u00e9. Aucune responsabilit\u00e9 ne sera accept\u00e9e pour de tels sites. L\u2019acc\u00e8s \u00e0 ces sites Web et leur utilisation se font aux risques et p\u00e9rils de l\u2019utilisateur. <\/p>\n<h2>Droits d\u2019auteur<\/h2>\n<p> Les droits d\u2019auteur et tous les autres droits li\u00e9s aux textes, aux illustrations, aux photographies et aux autres fichiers plac\u00e9s sur ce site Web sont la propri\u00e9t\u00e9 exclusive de la Fondation Edith Maryon ou des d\u00e9tenteurs express\u00e9ment cit\u00e9s. Toute reproduction est subordonn\u00e9e \u00e0 l\u2019autorisation \u00e9crite pr\u00e9alable du d\u00e9tenteur des droits.<\/p>\n","protected":false},"excerpt":{"rendered":"<p>Adresses de contact Fondation Edith Maryon Gerbergasse 30 4001 B\u00e2le Suisse formulaire de contact Repr\u00e9sentants agr\u00e9\u00e9s Klaudia Agbaba Rembert Biemond Thomas Bieri Francisco Cabarrubia Oliver Conradt Sabine Dettwiler Matthias Dubi Klaus Jensen Ulrich Kriese Christoph Langscheid Reto Zanetti Inscription au registre du commerce Raison sociale inscrite: Stiftung Edith MaryonNum\u00e9ro: CHE-108.604.805Office comp\u00e9tent: Registre du commerce du [&hellip;]<\/p>\n","protected":false},"author":2,"featured_media":0,"parent":0,"menu_order":99,"comment_status":"closed","ping_status":"closed","template":"","meta":{"_acf_changed":false,"footnotes":""},"class_list":["post-3806","page","type-page","status-publish","hentry"],"acf":[],"_links":{"self":[{"href":"https:\/\/maryon.ch\/fr\/wp-json\/wp\/v2\/pages\/3806","targetHints":{"allow":["GET"]}}],"collection":[{"href":"https:\/\/maryon.ch\/fr\/wp-json\/wp\/v2\/pages"}],"about":[{"href":"https:\/\/maryon.ch\/fr\/wp-json\/wp\/v2\/types\/page"}],"author":[{"embeddable":true,"href":"https:\/\/maryon.ch\/fr\/wp-json\/wp\/v2\/users\/2"}],"replies":[{"embeddable":true,"href":"https:\/\/maryon.ch\/fr\/wp-json\/wp\/v2\/comments?post=3806"}],"version-history":[{"count":7,"href":"https:\/\/maryon.ch\/fr\/wp-json\/wp\/v2\/pages\/3806\/revisions"}],"predecessor-version":[{"id":7958,"href":"https:\/\/maryon.ch\/fr\/wp-json\/wp\/v2\/pages\/3806\/revisions\/7958"}],"wp:attachment":[{"href":"https:\/\/maryon.ch\/fr\/wp-json\/wp\/v2\/media?parent=3806"}],"curies":[{"name":"wp","href":"https:\/\/api.w.org\/{rel}","templated":true}]}}

Mentions légales

<h2>Adresses de contact</h2>
<p> Fondation Edith Maryon Gerbergasse 30 4001 Bâle Suisse <a href="https://maryon.ch/meta/kontakt/">formulaire de contact</a></p>
<h2>Représentants agréés</h2>
<p> Klaudia Agbaba Rembert Biemond Thomas Bieri Francisco Cabarrubia Oliver Conradt Sabine Dettwiler Matthias Dubi Klaus Jensen Ulrich Kriese Christoph Langscheid Reto Zanetti </p>
<h2>Inscription au registre du commerce</h2>
<p> Raison sociale inscrite: Stiftung Edith Maryon<br />Numéro: CHE-108.604.805<br />Office compétent: Registre du commerce du canton de Bâle-Ville </p>
<h2>Exclusion de responsabilité</h2>
<p> L’auteur décline toute responsabilité quant à l’exactitude, la précision, l’actualité, la fiabilité et l’exhaustivité des informations mises à disposition. La responsabilité de l’auteur est exclue en cas de dommages matériels ou immatériels résultant de l’accès, de l’utilisation ou de la non-utilisation des informations publiées, d’une utilisation abusive de la connexion ou de défaillances techniques. Toutes les offres sont sans engagement. L’auteur se réserve expressément le droit de modifier, de compléter ou d’effacer tout ou partie de l’offre, ou encore d’en suspendre temporairement ou définitivement la publication, sans avis préalable. </p>
<h2>Responsabilité des liens</h2>
<p> Les références et les liens vers des sites de tiers ne relèvent pas de notre responsabilité. Aucune responsabilité ne sera acceptée pour de tels sites. L’accès à ces sites Web et leur utilisation se font aux risques et périls de l’utilisateur. </p>
<h2>Droits d’auteur</h2>
<p> Les droits d’auteur et tous les autres droits liés aux textes, aux illustrations, aux photographies et aux autres fichiers placés sur ce site Web sont la propriété exclusive de la Fondation Edith Maryon ou des détenteurs expressément cités. Toute reproduction est subordonnée à l’autorisation écrite préalable du détenteur des droits.</p>

<p>Adresses de contact Fondation Edith Maryon Gerbergasse 30 4001 Bâle Suisse formulaire de contact Représentants agréés Klaudia Agbaba Rembert Biemond Thomas Bieri Francisco Cabarrubia Oliver Conradt Sabine Dettwiler Matthias Dubi Klaus Jensen Ulrich Kriese Christoph Langscheid Reto Zanetti Inscription au registre du commerce Raison sociale inscrite: Stiftung Edith MaryonNuméro: CHE-108.604.805Office compétent: Registre du commerce du [&hellip;]</p>
