{"id":3880,"date":"2017-11-27T15:07:28","date_gmt":"2017-11-27T14:07:28","guid":{"rendered":"https:\/\/maryon.ch\/stiftung\/mitarbeitende\/"},"modified":"2026-03-10T09:56:52","modified_gmt":"2026-03-10T08:56:52","slug":"collaborateurs","status":"publish","type":"page","link":"https:\/\/maryon.ch\/fr\/fondation\/collaborateurs\/","title":{"rendered":"Collaborateurs"},"content":{"rendered":"<p>Nos locaux situ\u00e9s au c\u0153ur de B\u00e2le sont ouverts du lundi au vendredi de 9h \u00e0 12h et de 14h \u00e0 16h. Vous pouvez nous rendre visite, nous contacter par t\u00e9l\u00e9phone ou nous adresser un courriel. <\/p>\n","protected":false},"excerpt":{"rendered":"<p>Auszug Mitarbeiter Sed tincidunt diam nonummy nibh euismod ut laoreet dolore magna euismod aliquam erat tincidunt. <\/p>\n","protected":false},"author":2,"featured_media":0,"parent":3838,"menu_order":30,"comment_status":"closed","ping_status":"closed","template":"","meta":{"_acf_changed":false,"footnotes":""},"class_list":["post-3880","page","type-page","status-publish","hentry"],"acf":[],"_links":{"self":[{"href":"https:\/\/maryon.ch\/fr\/wp-json\/wp\/v2\/pages\/3880","targetHints":{"allow":["GET"]}}],"collection":[{"href":"https:\/\/maryon.ch\/fr\/wp-json\/wp\/v2\/pages"}],"about":[{"href":"https:\/\/maryon.ch\/fr\/wp-json\/wp\/v2\/types\/page"}],"author":[{"embeddable":true,"href":"https:\/\/maryon.ch\/fr\/wp-json\/wp\/v2\/users\/2"}],"replies":[{"embeddable":true,"href":"https:\/\/maryon.ch\/fr\/wp-json\/wp\/v2\/comments?post=3880"}],"version-history":[{"count":49,"href":"https:\/\/maryon.ch\/fr\/wp-json\/wp\/v2\/pages\/3880\/revisions"}],"predecessor-version":[{"id":7227,"href":"https:\/\/maryon.ch\/fr\/wp-json\/wp\/v2\/pages\/3880\/revisions\/7227"}],"up":[{"embeddable":true,"href":"https:\/\/maryon.ch\/fr\/wp-json\/wp\/v2\/pages\/3838"}],"wp:attachment":[{"href":"https:\/\/maryon.ch\/fr\/wp-json\/wp\/v2\/media?parent=3880"}],"curies":[{"name":"wp","href":"https:\/\/api.w.org\/{rel}","templated":true}]}}

<p>Nos locaux situés au cœur de Bâle sont ouverts du lundi au vendredi de 9h à 12h et de 14h à 16h. Vous pouvez nous rendre visite, nous contacter par téléphone ou nous adresser un courriel. </p>
