{"id":8397,"date":"2024-11-12T11:46:28","date_gmt":"2024-11-12T10:46:28","guid":{"rendered":"https:\/\/maryon.ch\/?page_id=8397"},"modified":"2025-05-14T13:30:04","modified_gmt":"2025-05-14T11:30:04","slug":"aides-au-logement","status":"publish","type":"page","link":"https:\/\/maryon.ch\/fr\/aides-au-logement\/","title":{"rendered":"Aides au logement"},"content":{"rendered":"","protected":false},"excerpt":{"rendered":"<p>Nos aides en mati\u00e8re de logement et de location dans la r\u00e9gion de B\u00e2le<\/p>\n","protected":false},"author":4,"featured_media":0,"parent":0,"menu_order":40,"comment_status":"closed","ping_status":"closed","template":"","meta":{"_acf_changed":false,"footnotes":""},"class_list":["post-8397","page","type-page","status-publish","hentry"],"acf":[],"_links":{"self":[{"href":"https:\/\/maryon.ch\/fr\/wp-json\/wp\/v2\/pages\/8397","targetHints":{"allow":["GET"]}}],"collection":[{"href":"https:\/\/maryon.ch\/fr\/wp-json\/wp\/v2\/pages"}],"about":[{"href":"https:\/\/maryon.ch\/fr\/wp-json\/wp\/v2\/types\/page"}],"author":[{"embeddable":true,"href":"https:\/\/maryon.ch\/fr\/wp-json\/wp\/v2\/users\/4"}],"replies":[{"embeddable":true,"href":"https:\/\/maryon.ch\/fr\/wp-json\/wp\/v2\/comments?post=8397"}],"version-history":[{"count":2,"href":"https:\/\/maryon.ch\/fr\/wp-json\/wp\/v2\/pages\/8397\/revisions"}],"predecessor-version":[{"id":8544,"href":"https:\/\/maryon.ch\/fr\/wp-json\/wp\/v2\/pages\/8397\/revisions\/8544"}],"wp:attachment":[{"href":"https:\/\/maryon.ch\/fr\/wp-json\/wp\/v2\/media?parent=8397"}],"curies":[{"name":"wp","href":"https:\/\/api.w.org\/{rel}","templated":true}]}}

<p>Nos aides en matière de logement et de location dans la région de Bâle</p>
